{"id":227,"date":"2026-03-18T07:37:03","date_gmt":"2026-03-18T07:37:03","guid":{"rendered":"https:\/\/telesecretariat.pro\/?page_id=227"},"modified":"2026-03-26T06:09:52","modified_gmt":"2026-03-26T06:09:52","slug":"centre-appels-accueil-telephonique-entreprises","status":"publish","type":"page","link":"https:\/\/telesecretariat.pro\/index.php\/centre-appels-accueil-telephonique-entreprises\/","title":{"rendered":"T\u00e9l\u00e9secr\u00e9tariat et accueil t\u00e9l\u00e9phonique pour PME et ind\u00e9pendants"},"content":{"rendered":"\n<figure class=\"wp-block-image size-large\"><a href=\"https:\/\/telesecretariat.pro\"><img loading=\"lazy\" decoding=\"async\" width=\"1024\" height=\"575\" src=\"https:\/\/telesecretariat.pro\/wp-content\/uploads\/2026\/03\/a-propos-de-1024x575.jpg\" alt=\"T\u00e9l\u00e9secr\u00e9tariat et accueil t\u00e9l\u00e9phonique pour PME et ind\u00e9pendants\" class=\"wp-image-228\" srcset=\"https:\/\/telesecretariat.pro\/wp-content\/uploads\/2026\/03\/a-propos-de-1024x575.jpg 1024w, https:\/\/telesecretariat.pro\/wp-content\/uploads\/2026\/03\/a-propos-de-300x169.jpg 300w, https:\/\/telesecretariat.pro\/wp-content\/uploads\/2026\/03\/a-propos-de-768x431.jpg 768w, https:\/\/telesecretariat.pro\/wp-content\/uploads\/2026\/03\/a-propos-de-1536x863.jpg 1536w, https:\/\/telesecretariat.pro\/wp-content\/uploads\/2026\/03\/a-propos-de-2048x1151.jpg 2048w\" sizes=\"auto, (max-width: 1024px) 100vw, 1024px\" \/><\/a><\/figure>\n\n\n\n<h2 class=\"wp-block-heading\" id=\"une-organisation-binationale-au-service-de-votre-a\">Une organisation binationale au service de votre accueil t\u00e9l\u00e9phonique<\/h2>\n\n\n\n<p><a href=\"https:\/\/telesecretariat.pro\">SERVITEL MG<\/a> est un centre d\u2019appels en activit\u00e9 depuis 2018, sp\u00e9cialis\u00e9 dans la r\u00e9ception t\u00e9l\u00e9phonique et le t\u00e9l\u00e9secr\u00e9tariat sur mesure pour les professionnels. Fond\u00e9e par deux experts des centres de contact disposant de nombreuses ann\u00e9es d\u2019exp\u00e9rience, la soci\u00e9t\u00e9 s\u2019est construite autour d\u2019une id\u00e9e simple : offrir aux PME, <a href=\"https:\/\/entreprendre.service-public.gouv.fr\/vosdroits\/F1691#:~:text=La%20notion%20de%20travailleur%20ind%C3%A9pendant,un%20artisan%20sont%20travailleurs%20ind%C3%A9pendants.\" type=\"link\" id=\"https:\/\/entreprendre.service-public.gouv.fr\/vosdroits\/F1691#:~:text=La%20notion%20de%20travailleur%20ind%C3%A9pendant,un%20artisan%20sont%20travailleurs%20ind%C3%A9pendants.\" target=\"_blank\" rel=\"noreferrer noopener\">ind\u00e9pendants<\/a> et structures en croissance un accueil t\u00e9l\u00e9phonique de haut niveau, fiable et humain, sans les contraintes d\u2019un standard interne.<br><br>Implant\u00e9e \u00e0 la fois en France, \u00e0 Paris, et \u00e0 Madagascar, \u00e0 Antananarivo, <strong>SERVITEL MG s\u2019appuie sur une organisation binationale qui lui permet de concilier proximit\u00e9, comp\u00e9titivit\u00e9 et large amplitude horaire<\/strong>. Cette double implantation renforce \u00e9galement sa capacit\u00e9 \u00e0 r\u00e9pondre aux besoins de clients aux profils vari\u00e9s, tout en garantissant un suivi op\u00e9rationnel continu.<\/p>\n\n\n\n<h2 class=\"wp-block-heading\" id=\"une-quipe-interne-ddie--la-relation-client\">Une \u00e9quipe interne d\u00e9di\u00e9e \u00e0 la relation client<\/h2>\n\n\n\n<p>L\u2019entreprise emploie en permanence une trentaine de collaborateurs d\u00e9di\u00e9s \u00e0 la r\u00e9ception des appels. Tous disposent d\u2019une solide exp\u00e9rience en relation client, d\u2019une excellente aisance t\u00e9l\u00e9phonique et sont recrut\u00e9s en CDI, en pr\u00e9sentiel, au sein des locaux de SERVITEL MG. Ce choix d\u2019un mod\u00e8le 100% internalis\u00e9 permet de former les \u00e9quipes de fa\u00e7on homog\u00e8ne, de les accompagner au quotidien et de garantir un niveau de qualit\u00e9 constant sur chaque appel trait\u00e9.<br><br>SERVITEL MG produit elle\u2011m\u00eame l\u2019int\u00e9gralit\u00e9 de ses prestations pour ses clients, dans ses propres locaux, sans sous\u2011traitance. Cette ma\u00eetrise totale de la cha\u00eene de production lui offre une vision pr\u00e9cise de l\u2019activit\u00e9, une capacit\u00e9 de contr\u00f4le renforc\u00e9e et une grande r\u00e9activit\u00e9 dans la mise en place ou l\u2019ajustement des consignes.<\/p>\n\n\n\n<h2 class=\"wp-block-heading\" id=\"des-prestations-sur-mesure-et-entirement-matrises\">Des prestations sur mesure et enti\u00e8rement ma\u00eetris\u00e9es<\/h2>\n\n\n\n<p>Les demandes sp\u00e9cifiques des donneurs d\u2019ordre (scripts, priorit\u00e9s, proc\u00e9dures, messages d\u2019accueil, gestion des urgences) peuvent ainsi \u00eatre int\u00e9gr\u00e9es rapidement et fid\u00e8lement. Chaque dispositif d\u2019accueil t\u00e9l\u00e9phonique est ajust\u00e9 en fonction des attentes de l\u2019entreprise, de son secteur d\u2019activit\u00e9 et de la typologie de ses appels, afin d\u2019assurer une continuit\u00e9 de service et une exp\u00e9rience client coh\u00e9rente avec son image de marque.<\/p>\n\n\n\n<h2 class=\"wp-block-heading\" id=\"une-large-amplitude-horaire-pour-rester-joignable\">Une large amplitude horaire pour rester joignable 7j\/7<\/h2>\n\n\n\n<p>Pour r\u00e9pondre aux attentes des entreprises qui souhaitent rester joignables sur des plages horaires \u00e9tendues, SERVITEL MG propose des heures de production \u00e9largies, 7 jours sur 7, de 08 h \u00e0 20 h (heure fran\u00e7aise). Cette amplitude permet d\u2019absorber les pics d\u2019appels, de couvrir les besoins en soir\u00e9e ou le week\u2011end, et de proposer un accueil continu aux clients finaux. <br><br>Gr\u00e2ce \u00e0 cette organisation, SERVITEL MG se positionne comme un partenaire durable, capable d\u2019accompagner les entreprises dans la dur\u00e9e et d\u2019adapter son dispositif \u00e0 l\u2019\u00e9volution de leurs besoins.<\/p>\n\n\n\n<h2 class=\"wp-block-heading\" id=\"un-partenaire-adapt-aux-entreprises-de-1--50-salar\">Un partenaire adapt\u00e9 aux entreprises de 1 \u00e0 50 salari\u00e9s<\/h2>\n\n\n\n<p id=\"une-organisation-binationale-au-service-de-votre-a\">SERVITEL MG est parfaitement <strong>adapt\u00e9e pour toutes les entreprises de 1 \u00e0 50 salari\u00e9s<\/strong>, dans tous les secteurs d\u2019activit\u00e9, qui souhaitent offrir un accueil t\u00e9l\u00e9phonique professionnel tout en ma\u00eetrisant leurs co\u00fbts. La flexibilit\u00e9 des dispositifs propos\u00e9s permet d\u2019accompagner aussi bien les ind\u00e9pendants que les structures en croissance, en leur offrant un service de r\u00e9ception d\u2019appels fiable, structur\u00e9 et dimensionn\u00e9 \u00e0 leurs besoins r\u00e9els.<\/p>\n\n\n\n<p><strong>Nos engagements :<\/strong><\/p>\n\n\n\n<ul class=\"wp-block-list\">\n<li>Accueil t\u00e9l\u00e9phonique professionnel, chaleureux et humain<\/li>\n\n\n\n<li>Z\u00e9ro sous-traitance, 100% r\u00e9alis\u00e9 par nos \u00e9quipes internes<\/li>\n\n\n\n<li>Qualit\u00e9 de service contr\u00f4l\u00e9e et suivie au quotidien<\/li>\n\n\n\n<li>Disponibilit\u00e9 \u00e9tendue 7j\/7, de 08 h \u00e0 20 h (heure fran\u00e7aise)<\/li>\n\n\n\n<li>Organisation flexible, adapt\u00e9e aux besoins des ind\u00e9pendants et PME<\/li>\n<\/ul>\n\n\n\n<p><strong>Ne perdez plus un appel important<\/strong><br>Offrez \u00e0 vos clients un accueil t\u00e9l\u00e9phonique professionnel, disponible 7j\/7, sans les contraintes d\u2019un standard interne.<\/p>\n\n\n\n<ul class=\"wp-block-list\">\n<li>R\u00e9ception d\u2019appels et t\u00e9l\u00e9secr\u00e9tariat sur mesure<\/li>\n\n\n\n<li>\u00c9quipes internalis\u00e9es en France et \u00e0 Madagascar<\/li>\n\n\n\n<li>Solution id\u00e9ale pour ind\u00e9pendants et PME (1 \u00e0 50 salari\u00e9s)<\/li>\n<\/ul>\n\n\n\n<p><strong><a href=\"https:\/\/telesecretariat.pro\/index.php\/formulairecontact\/\" type=\"page\" id=\"77\">Parlons de votre accueil t\u00e9l\u00e9phonique<\/a><\/strong><\/p>\n\n\n\n<section class=\"hero-servitel\">\n  <h1>SERVITEL MG, votre t\u00e9l\u00e9secr\u00e9tariat sur mesure pour ne plus perdre aucun appel<\/h1>\n  <p>\n    Confiez votre accueil t\u00e9l\u00e9phonique \u00e0 une \u00e9quipe d\u00e9di\u00e9e et restez joignable en permanence sans recruter.\n    T\u00e9l\u00e9secr\u00e9tariat flexible, professionnel et sans co\u00fbt fixe mensuel.\n  <\/p>\n  <div class=\"hero-actions\">\n    <a href=\"tel:0805032577\" class=\"hero-btn\">Appeler le 0805.03.25.77 (num\u00e9ro vert)<\/a>\n    <a href=\"https:\/\/telesecretariat.pro\/index.php\/formulairecontact\/\" class=\"hero-btn hero-btn-secondary\">\n      Nous contacter par formulaire\n    <\/a>\n    <a href=\"https:\/\/telesecretariat.pro\/index.php\/tarifs-telesecretariat\/\" class=\"hero-btn hero-btn-tarifs\">\n      Nos tarifs en t\u00e9l\u00e9secr\u00e9tariat\n    <\/a>\n  <\/div>\n<\/section>\n\n<style>\n.hero-servitel {\n  background-color: #0f4c81;\n  color: #ffffff;\n  padding: 40px 20px;\n  text-align: center;\n}\n\n.hero-servitel h1 {\n  font-size: 1.9rem;\n  margin-bottom: 15px;\n}\n\n.hero-servitel p {\n  font-size: 1rem;\n  max-width: 700px;\n  margin: 0 auto 20px;\n}\n\n.hero-actions {\n  display: flex;\n  flex-wrap: wrap;\n  gap: 10px;\n  justify-content: center;\n}\n\n.hero-btn {\n  display: inline-block;\n  padding: 12px 24px;\n  background-color: #ffffff;\n  color: #0f4c81;\n  text-decoration: none;\n  font-weight: bold;\n  border-radius: 6px;\n  transition: background-color 0.2s ease, color 0.2s ease, transform 0.2s ease;\n  transform: scale(1);\n}\n\n.hero-btn:hover {\n  background-color: #f1f1f1;\n  color: #0b365d;\n  transform: scale(1.15);\n}\n\n\/* Variante secondaire pour le bouton formulaire *\/\n.hero-btn-secondary {\n  background-color: transparent;\n  color: #ffffff;\n  border: 1px solid #ffffff;\n}\n\n.hero-btn-secondary:hover {\n  background-color: #ffffff;\n  color: #0f4c81;\n  transform: scale(1.15);\n}\n\n\/* Bouton \"Voir nos tarifs\" avec autre couleur de fond *\/\n.hero-btn-tarifs {\n  background-color: #ffb400; \/* jaune orang\u00e9 *\/\n  color: #0f4c81;\n}\n\n.hero-btn-tarifs:hover {\n  background-color: #ffa000;\n  color: #0b365d;\n  transform: scale(1.15);\n}\n<\/style>\n","protected":false},"excerpt":{"rendered":"<p>Une organisation binationale au service de votre accueil t\u00e9l\u00e9phonique SERVITEL MG est un centre d\u2019appels en activit\u00e9 depuis 2018, sp\u00e9cialis\u00e9 dans la r\u00e9ception t\u00e9l\u00e9phonique et le t\u00e9l\u00e9secr\u00e9tariat sur mesure pour les professionnels. Fond\u00e9e par deux experts des centres de contact disposant de nombreuses ann\u00e9es d\u2019exp\u00e9rience, la soci\u00e9t\u00e9 s\u2019est construite autour d\u2019une id\u00e9e simple : offrir &#8230; <a title=\"T\u00e9l\u00e9secr\u00e9tariat et accueil t\u00e9l\u00e9phonique pour PME et ind\u00e9pendants\" class=\"read-more\" href=\"https:\/\/telesecretariat.pro\/index.php\/centre-appels-accueil-telephonique-entreprises\/\" aria-label=\"Read more about T\u00e9l\u00e9secr\u00e9tariat et accueil t\u00e9l\u00e9phonique pour PME et ind\u00e9pendants\">Read more<\/a><\/p>\n","protected":false},"author":1,"featured_media":0,"parent":0,"menu_order":0,"comment_status":"closed","ping_status":"closed","template":"","meta":{"om_disable_all_campaigns":false,"_monsterinsights_skip_tracking":false,"_monsterinsights_sitenote_active":false,"_monsterinsights_sitenote_note":"","_monsterinsights_sitenote_category":0,"footnotes":""},"class_list":["post-227","page","type-page","status-publish"],"yoast_head":"<!-- This site is optimized with the Yoast SEO plugin v27.3 - https:\/\/yoast.com\/product\/yoast-seo-wordpress\/ -->\n<title>Centre d\u2019appels professionnel pour l\u2019accueil t\u00e9l\u00e9phonique des entreprises<\/title>\n<meta name=\"description\" content=\"T\u00e9l\u00e9secr\u00e9tariat et accueil t\u00e9l\u00e9phonique pour PME et ind\u00e9pendants : centre d\u2019appels francophone sp\u00e9cialis\u00e9 dans la r\u00e9ception t\u00e9l\u00e9phonique et le t\u00e9l\u00e9secr\u00e9tariat sur mesure pour PME et ind\u00e9pendants, disponible 7j\/7 de 8h \u00e0 20h.\" \/>\n<meta name=\"robots\" content=\"index, follow, max-snippet:-1, max-image-preview:large, max-video-preview:-1\" \/>\n<link rel=\"canonical\" href=\"https:\/\/telesecretariat.pro\/index.php\/centre-appels-accueil-telephonique-entreprises\/\" \/>\n<meta property=\"og:locale\" content=\"en_US\" \/>\n<meta property=\"og:type\" content=\"article\" \/>\n<meta property=\"og:title\" content=\"Centre d\u2019appels professionnel pour l\u2019accueil t\u00e9l\u00e9phonique des entreprises\" \/>\n<meta property=\"og:description\" content=\"T\u00e9l\u00e9secr\u00e9tariat et accueil t\u00e9l\u00e9phonique pour PME et ind\u00e9pendants : centre d\u2019appels francophone sp\u00e9cialis\u00e9 dans la r\u00e9ception t\u00e9l\u00e9phonique et le t\u00e9l\u00e9secr\u00e9tariat sur mesure pour PME et ind\u00e9pendants, disponible 7j\/7 de 8h \u00e0 20h.\" \/>\n<meta property=\"og:url\" content=\"https:\/\/telesecretariat.pro\/index.php\/centre-appels-accueil-telephonique-entreprises\/\" \/>\n<meta property=\"article:modified_time\" content=\"2026-03-26T06:09:52+00:00\" \/>\n<meta property=\"og:image\" content=\"https:\/\/telesecretariat.pro\/wp-content\/uploads\/2026\/03\/a-propos-de-1024x575.jpg\" \/>\n<meta name=\"twitter:card\" content=\"summary_large_image\" \/>\n<meta name=\"twitter:label1\" content=\"Est. reading time\" \/>\n\t<meta name=\"twitter:data1\" content=\"3 minutes\" \/>\n<script type=\"application\/ld+json\" class=\"yoast-schema-graph\">{\"@context\":\"https:\\\/\\\/schema.org\",\"@graph\":[{\"@type\":\"WebPage\",\"@id\":\"https:\\\/\\\/telesecretariat.pro\\\/index.php\\\/centre-appels-accueil-telephonique-entreprises\\\/\",\"url\":\"https:\\\/\\\/telesecretariat.pro\\\/index.php\\\/centre-appels-accueil-telephonique-entreprises\\\/\",\"name\":\"Centre d\u2019appels professionnel pour l\u2019accueil t\u00e9l\u00e9phonique des entreprises\",\"isPartOf\":{\"@id\":\"https:\\\/\\\/telesecretariat.pro\\\/#website\"},\"primaryImageOfPage\":{\"@id\":\"https:\\\/\\\/telesecretariat.pro\\\/index.php\\\/centre-appels-accueil-telephonique-entreprises\\\/#primaryimage\"},\"image\":{\"@id\":\"https:\\\/\\\/telesecretariat.pro\\\/index.php\\\/centre-appels-accueil-telephonique-entreprises\\\/#primaryimage\"},\"thumbnailUrl\":\"https:\\\/\\\/telesecretariat.pro\\\/wp-content\\\/uploads\\\/2026\\\/03\\\/a-propos-de-1024x575.jpg\",\"datePublished\":\"2026-03-18T07:37:03+00:00\",\"dateModified\":\"2026-03-26T06:09:52+00:00\",\"description\":\"T\u00e9l\u00e9secr\u00e9tariat et accueil t\u00e9l\u00e9phonique pour PME et ind\u00e9pendants : centre d\u2019appels francophone sp\u00e9cialis\u00e9 dans la r\u00e9ception t\u00e9l\u00e9phonique et le t\u00e9l\u00e9secr\u00e9tariat sur mesure pour PME et ind\u00e9pendants, disponible 7j\\\/7 de 8h \u00e0 20h.\",\"breadcrumb\":{\"@id\":\"https:\\\/\\\/telesecretariat.pro\\\/index.php\\\/centre-appels-accueil-telephonique-entreprises\\\/#breadcrumb\"},\"inLanguage\":\"en-US\",\"potentialAction\":[{\"@type\":\"ReadAction\",\"target\":[\"https:\\\/\\\/telesecretariat.pro\\\/index.php\\\/centre-appels-accueil-telephonique-entreprises\\\/\"]}]},{\"@type\":\"ImageObject\",\"inLanguage\":\"en-US\",\"@id\":\"https:\\\/\\\/telesecretariat.pro\\\/index.php\\\/centre-appels-accueil-telephonique-entreprises\\\/#primaryimage\",\"url\":\"https:\\\/\\\/telesecretariat.pro\\\/wp-content\\\/uploads\\\/2026\\\/03\\\/a-propos-de-scaled.jpg\",\"contentUrl\":\"https:\\\/\\\/telesecretariat.pro\\\/wp-content\\\/uploads\\\/2026\\\/03\\\/a-propos-de-scaled.jpg\",\"width\":2560,\"height\":1438},{\"@type\":\"BreadcrumbList\",\"@id\":\"https:\\\/\\\/telesecretariat.pro\\\/index.php\\\/centre-appels-accueil-telephonique-entreprises\\\/#breadcrumb\",\"itemListElement\":[{\"@type\":\"ListItem\",\"position\":1,\"name\":\"Accueil\",\"item\":\"https:\\\/\\\/telesecretariat.pro\\\/\"},{\"@type\":\"ListItem\",\"position\":2,\"name\":\"T\u00e9l\u00e9secr\u00e9tariat et accueil t\u00e9l\u00e9phonique pour PME et ind\u00e9pendants\"}]},{\"@type\":\"WebSite\",\"@id\":\"https:\\\/\\\/telesecretariat.pro\\\/#website\",\"url\":\"https:\\\/\\\/telesecretariat.pro\\\/\",\"name\":\"TELESECRETARIAT.PRO\",\"description\":\"\",\"publisher\":{\"@id\":\"https:\\\/\\\/telesecretariat.pro\\\/#organization\"},\"potentialAction\":[{\"@type\":\"SearchAction\",\"target\":{\"@type\":\"EntryPoint\",\"urlTemplate\":\"https:\\\/\\\/telesecretariat.pro\\\/?s={search_term_string}\"},\"query-input\":{\"@type\":\"PropertyValueSpecification\",\"valueRequired\":true,\"valueName\":\"search_term_string\"}}],\"inLanguage\":\"en-US\"},{\"@type\":\"Organization\",\"@id\":\"https:\\\/\\\/telesecretariat.pro\\\/#organization\",\"name\":\"TELESECRETARIAT.PRO\",\"url\":\"https:\\\/\\\/telesecretariat.pro\\\/\",\"logo\":{\"@type\":\"ImageObject\",\"inLanguage\":\"en-US\",\"@id\":\"https:\\\/\\\/telesecretariat.pro\\\/#\\\/schema\\\/logo\\\/image\\\/\",\"url\":\"https:\\\/\\\/telesecretariat.pro\\\/wp-content\\\/uploads\\\/2026\\\/03\\\/cropped-image-home-page.png\",\"contentUrl\":\"https:\\\/\\\/telesecretariat.pro\\\/wp-content\\\/uploads\\\/2026\\\/03\\\/cropped-image-home-page.png\",\"width\":1027,\"height\":537,\"caption\":\"TELESECRETARIAT.PRO\"},\"image\":{\"@id\":\"https:\\\/\\\/telesecretariat.pro\\\/#\\\/schema\\\/logo\\\/image\\\/\"}}]}<\/script>\n<!-- \/ Yoast SEO plugin. -->","yoast_head_json":{"title":"Centre d\u2019appels professionnel pour l\u2019accueil t\u00e9l\u00e9phonique des entreprises","description":"T\u00e9l\u00e9secr\u00e9tariat et accueil t\u00e9l\u00e9phonique pour PME et ind\u00e9pendants : centre d\u2019appels francophone sp\u00e9cialis\u00e9 dans la r\u00e9ception t\u00e9l\u00e9phonique et le t\u00e9l\u00e9secr\u00e9tariat sur mesure pour PME et ind\u00e9pendants, disponible 7j\/7 de 8h \u00e0 20h.","robots":{"index":"index","follow":"follow","max-snippet":"max-snippet:-1","max-image-preview":"max-image-preview:large","max-video-preview":"max-video-preview:-1"},"canonical":"https:\/\/telesecretariat.pro\/index.php\/centre-appels-accueil-telephonique-entreprises\/","og_locale":"en_US","og_type":"article","og_title":"Centre d\u2019appels professionnel pour l\u2019accueil t\u00e9l\u00e9phonique des entreprises","og_description":"T\u00e9l\u00e9secr\u00e9tariat et accueil t\u00e9l\u00e9phonique pour PME et ind\u00e9pendants : centre d\u2019appels francophone sp\u00e9cialis\u00e9 dans la r\u00e9ception t\u00e9l\u00e9phonique et le t\u00e9l\u00e9secr\u00e9tariat sur mesure pour PME et ind\u00e9pendants, disponible 7j\/7 de 8h \u00e0 20h.","og_url":"https:\/\/telesecretariat.pro\/index.php\/centre-appels-accueil-telephonique-entreprises\/","article_modified_time":"2026-03-26T06:09:52+00:00","og_image":[{"url":"https:\/\/telesecretariat.pro\/wp-content\/uploads\/2026\/03\/a-propos-de-1024x575.jpg","type":"","width":"","height":""}],"twitter_card":"summary_large_image","twitter_misc":{"Est. reading time":"3 minutes"},"schema":{"@context":"https:\/\/schema.org","@graph":[{"@type":"WebPage","@id":"https:\/\/telesecretariat.pro\/index.php\/centre-appels-accueil-telephonique-entreprises\/","url":"https:\/\/telesecretariat.pro\/index.php\/centre-appels-accueil-telephonique-entreprises\/","name":"Centre d\u2019appels professionnel pour l\u2019accueil t\u00e9l\u00e9phonique des entreprises","isPartOf":{"@id":"https:\/\/telesecretariat.pro\/#website"},"primaryImageOfPage":{"@id":"https:\/\/telesecretariat.pro\/index.php\/centre-appels-accueil-telephonique-entreprises\/#primaryimage"},"image":{"@id":"https:\/\/telesecretariat.pro\/index.php\/centre-appels-accueil-telephonique-entreprises\/#primaryimage"},"thumbnailUrl":"https:\/\/telesecretariat.pro\/wp-content\/uploads\/2026\/03\/a-propos-de-1024x575.jpg","datePublished":"2026-03-18T07:37:03+00:00","dateModified":"2026-03-26T06:09:52+00:00","description":"T\u00e9l\u00e9secr\u00e9tariat et accueil t\u00e9l\u00e9phonique pour PME et ind\u00e9pendants : centre d\u2019appels francophone sp\u00e9cialis\u00e9 dans la r\u00e9ception t\u00e9l\u00e9phonique et le t\u00e9l\u00e9secr\u00e9tariat sur mesure pour PME et ind\u00e9pendants, disponible 7j\/7 de 8h \u00e0 20h.","breadcrumb":{"@id":"https:\/\/telesecretariat.pro\/index.php\/centre-appels-accueil-telephonique-entreprises\/#breadcrumb"},"inLanguage":"en-US","potentialAction":[{"@type":"ReadAction","target":["https:\/\/telesecretariat.pro\/index.php\/centre-appels-accueil-telephonique-entreprises\/"]}]},{"@type":"ImageObject","inLanguage":"en-US","@id":"https:\/\/telesecretariat.pro\/index.php\/centre-appels-accueil-telephonique-entreprises\/#primaryimage","url":"https:\/\/telesecretariat.pro\/wp-content\/uploads\/2026\/03\/a-propos-de-scaled.jpg","contentUrl":"https:\/\/telesecretariat.pro\/wp-content\/uploads\/2026\/03\/a-propos-de-scaled.jpg","width":2560,"height":1438},{"@type":"BreadcrumbList","@id":"https:\/\/telesecretariat.pro\/index.php\/centre-appels-accueil-telephonique-entreprises\/#breadcrumb","itemListElement":[{"@type":"ListItem","position":1,"name":"Accueil","item":"https:\/\/telesecretariat.pro\/"},{"@type":"ListItem","position":2,"name":"T\u00e9l\u00e9secr\u00e9tariat et accueil t\u00e9l\u00e9phonique pour PME et ind\u00e9pendants"}]},{"@type":"WebSite","@id":"https:\/\/telesecretariat.pro\/#website","url":"https:\/\/telesecretariat.pro\/","name":"TELESECRETARIAT.PRO","description":"","publisher":{"@id":"https:\/\/telesecretariat.pro\/#organization"},"potentialAction":[{"@type":"SearchAction","target":{"@type":"EntryPoint","urlTemplate":"https:\/\/telesecretariat.pro\/?s={search_term_string}"},"query-input":{"@type":"PropertyValueSpecification","valueRequired":true,"valueName":"search_term_string"}}],"inLanguage":"en-US"},{"@type":"Organization","@id":"https:\/\/telesecretariat.pro\/#organization","name":"TELESECRETARIAT.PRO","url":"https:\/\/telesecretariat.pro\/","logo":{"@type":"ImageObject","inLanguage":"en-US","@id":"https:\/\/telesecretariat.pro\/#\/schema\/logo\/image\/","url":"https:\/\/telesecretariat.pro\/wp-content\/uploads\/2026\/03\/cropped-image-home-page.png","contentUrl":"https:\/\/telesecretariat.pro\/wp-content\/uploads\/2026\/03\/cropped-image-home-page.png","width":1027,"height":537,"caption":"TELESECRETARIAT.PRO"},"image":{"@id":"https:\/\/telesecretariat.pro\/#\/schema\/logo\/image\/"}}]}},"_links":{"self":[{"href":"https:\/\/telesecretariat.pro\/index.php\/wp-json\/wp\/v2\/pages\/227","targetHints":{"allow":["GET"]}}],"collection":[{"href":"https:\/\/telesecretariat.pro\/index.php\/wp-json\/wp\/v2\/pages"}],"about":[{"href":"https:\/\/telesecretariat.pro\/index.php\/wp-json\/wp\/v2\/types\/page"}],"author":[{"embeddable":true,"href":"https:\/\/telesecretariat.pro\/index.php\/wp-json\/wp\/v2\/users\/1"}],"replies":[{"embeddable":true,"href":"https:\/\/telesecretariat.pro\/index.php\/wp-json\/wp\/v2\/comments?post=227"}],"version-history":[{"count":5,"href":"https:\/\/telesecretariat.pro\/index.php\/wp-json\/wp\/v2\/pages\/227\/revisions"}],"predecessor-version":[{"id":386,"href":"https:\/\/telesecretariat.pro\/index.php\/wp-json\/wp\/v2\/pages\/227\/revisions\/386"}],"wp:attachment":[{"href":"https:\/\/telesecretariat.pro\/index.php\/wp-json\/wp\/v2\/media?parent=227"}],"curies":[{"name":"wp","href":"https:\/\/api.w.org\/{rel}","templated":true}]}}